 Is k a composite number?
True
Let c = 939 - -1220. Is c prime?
False
Suppose 3106710 = -12172*q + 12190*q. Is q a prime number?
False
Suppose 0 = -2*h - 4*s + 19822, -645 = h + s - 10562. Is h a composite number?
False
Let k = -4367 + 21074. Let d be (-18)/12 + k/(-2). Is (d/(-10))/(6/8) prime?
False
Let o = 16867 - -45898. Is o composite?
True
Suppose 5*c = j + 34114, c = -4*j + 5*j + 6822. Is c a composite number?
False
Suppose 5*s - s = 0. Let j(k) = 4*k**2 - k - 149. Let f be j(-6). Is (2/(-6) - s)/(f/(-2931)) a prime number?
True
Suppose 555735 + 283532 = 61*u - 577336. Is u a prime number?
False
Let u(g) = -5*g + 3 + g**3 + 1 + 6*g - 6 + 3*g**2. Let o be u(-2). Suppose o = -c - 285 + 1762. Is c composite?
True
Let b(i) = -i**3 - 11*i**2 + 129*i + 550. Is b(-63) prime?
True
Let v be (-2)/(-3 + -1 + 6). Let j(n) = -818*n**3 - n**2 - 3*n - 2. Is j(v) composite?
True
Suppose 398187 = -28*k + 29*k - 2*l, -4*k + 1592708 = 2*l. Is k a prime number?
False
Let d = -22146 - -126655. Is d a prime number?
False
Suppose 110*k - 11*k - 3404907 = 0. Is k prime?
False
Suppose 3*p - 5*y = 298703, -p - 3*y = p - 199148. Is p a composite number?
False
Let k = -557 + 1387. Let t = -449 + k. Is t composite?
True
Let x(c) = -c**2 + 13*c + 107441. Is x(0) a composite number?
False
Let t be (5 + -1)/(16/20*5). Is (67/201)/(t/14865) a prime number?
False
Let x = 1 - 1. Let b be 33/44*(-8)/(-6). Is (1480 - -1)*(b - x) a composite number?
False
Let q(z) = -6*z + 9. Let w be q(15). Is (8/(-6))/(36/w)*5581 a composite number?
True
Suppose 36781 = 15*w + 1966. Let o = 1970 + w. Is o a prime number?
False
Let g(k) = 401*k + 31. Let j be ((-6)/9)/((-3)/27). Is g(j) prime?
True
Let q be 3*((-26)/(-3) + -7). Suppose 2*f - 40874 = -0*f - 3*h, -q*f + 102185 = 4*h. Is f prime?
False
Suppose 12*o - 32 = 4*o. Is -1*(o + 4272)/(-4) a composite number?
False
Let u be (1*4)/2 + (-156736)/(-31). Let c = u + -187. Is c a composite number?
False
Let h(p) be the second derivative of 23*p**4/3 + 8*p**3/3 - 43*p**2/2 + 35*p. Is h(-10) a composite number?
True
Let y(r) = 3*r + 46. Let d be y(8). Let h = -832 + d. Is (-3 - h) + 1 + -5 a composite number?
True
Let k(n) be the third derivative of n**4/24 + n**3/6 + 15*n**2. Let c be k(-1). Is (-1163)/(((-13)/65)/(1 - c)) a prime number?
False
Suppose 26*k = 37*k - 189134. Is k prime?
False
Let v = 143275 + -102224. Is v prime?
True
Let j = 108909 + -59152. Is j composite?
False
Let l(n) = 110*n - 80. Let s be l(21). Suppose 3*u - 2477 = 166. Let k = s - u. Is k a prime number?
False
Let n be 2/(-4) + 78/12. Suppose 642 = 5*k - n*k. Let t = 899 + k. Is t a composite number?
False
Let f be 3 + (-8)/44 + 98498/22. Suppose 0 = -n - 4*m + 919, -f = -5*n + 5*m - 2*m. Is n prime?
False
Let z(t) = t**3 - 8*t**2 + 7*t. Let k be z(7). Let y(o) be the third derivative of -o**5/60 + o**4/6 + 4783*o**3/6 + 45*o**2 - 2*o. Is y(k) a prime number?
True
Suppose -114*k + 32996108 = -53621746 + 16759680. Is k a prime number?
True
Is 41579 + -15 + (2 - -27) a prime number?
True
Is 2051 - 0/(((-50)/150)/(2/24)) prime?
False
Let s(f) = -f**3 - 15*f**2 - 9*f + 7. Let q be s(-15). Let h = 1791 + q. Let z = h + 458. Is z a composite number?
True
Let q = -12813 + 18736. Is q prime?
True
Let k be 48/(-168) - (3 - 23614/(-14)). Let h = k + 2883. Is h a prime number?
True
Suppose -41*u + 35 = -36*u. Suppose 4*w + 37382 = -5*h + u*h, 3*h - 56108 = -w. Is h a composite number?
False
Is (-217)/(-7) - 25 - ((-1307182)/2 - 0) a prime number?
False
Suppose -53*u + 8054545 = -10*u. Is u composite?
True
Suppose -19370 = -3*n - 53*w + 57*w, w = -3*n + 19375. Is n composite?
True
Let a = 15 + -15. Let j(d) = -3*d. Let r be j(a). Suppose -l + 0*z + 111 = -4*z, -z + 5 = r. Is l a prime number?
True
Let p(m) = 39741*m - 7913. Is p(10) prime?
False
Let u(k) = 240*k**2 + 6*k - 193. Is u(17) prime?
False
Suppose 0 = 4*s + 8, -4*s - 102022 = 5*g - 333699. Is g composite?
False
Let k = 68962 + -48573. Is k a composite number?
False
Let n be ((-5)/(20/(-8)))/1. Let d be n/16 - 9969/8. Is (0/(-2) + d)/(-26 - -24) a prime number?
False
Suppose 17*o - 27*o + 20 = 0. Let a(p) = 295*p - 19. Is a(o) composite?
False
Suppose -2*r + 5*o = -77, -o = -2*r - 6*o + 107. Let p = r - 41. Suppose -2*x - p*y = -y - 3682, -3*x - y + 5538 = 0. Is x a composite number?
False
Let a(q) = -2038*q - 175. Is a(-27) a prime number?
True
Let n = 59 - 53. Let y(g) = 41*g - 26. Let d be y(n). Suppose -x + d + 394 = 0. Is x composite?
True
Let g be (4 - 8) + 0 - -11. Suppose 4*s - g*s = 0. Suppose 7*r + 867 - 8441 = s. Is r composite?
True
Let k(v) = -8*v**2 - 2 + 4*v**2 + 5*v**2. Let x be k(5). Suppose x*a - 20*a - 21 = 0. Is a prime?
True
Let s(x) = -x**2 + 4*x + 8. Let i be s(5). Suppose i*r - 5812 = -343. Is r a prime number?
True
Let b be (-2*(-42)/(-8))/(6/(-80)). Suppose 4*f - 2*p = 108, 5*f - 2*p - b = 3*p. Suppose -27*j + f*j + 265 = 0. Is j a prime number?
False
Let x(g) = g**3 - 3*g**2 + g - 28. Let b be x(4). Let r(k) = -356*k + 117. Is r(b) a prime number?
False
Let p(q) be the third derivative of 3969*q**4/8 - q**3/3 + 176*q**2. Is p(1) a prime number?
False
Suppose 222*y = 186*y + 12963816. Is y a prime number?
False
Let j = 99 + -97. Suppose 4*g = -5*w + 3004, -w + 488 - 1976 = -j*g. Let a = 1543 - g. Is a a prime number?
True
Let z(f) = 2*f**2 + 6*f - 17. Let c be z(2). Suppose -4*o + 125808 = 4*w, c*o - 35703 = -4*w + 58654. Is o prime?
False
Let k = 158 + -154. Is (-11786 + k)*(-14)/28 a prime number?
False
Suppose 3*d + d - 940 = 0. Let q = d + -165. Is (-597)/(-6)*q/7 composite?
True
Let y(m) = 10*m**3 - 56*m**2 + 59*m - 51. Let q(b) = 7*b**3 - 37*b**2 + 39*b - 34. Let u(n) = -7*q(n) + 5*y(n). Let v be u(21). Is v/2*(13 + -11) prime?
False
Let p be (-7)/((-7)/6) - 3. Suppose 2*j - p*j + 5*d - 31 = 0, 0 = -5*j + 3*d - 67. Let w(k) = -9*k + 24. Is w(j) a composite number?
True
Let p(h) = -h**2 + 4*h - 3. Let o be p(3). Suppose 4*z = -3*i + 2019, -5*i + 2520 = 5*z - o*i. Let t = 1720 - z. Is t a composite number?
False
Let u(v) be the second derivative of v**3/6 - 3*v**2 + 9*v. Let b be u(6). Suppose 2*s + b*q + q - 689 = 0, -340 = -s - 2*q. Is s a prime number?
False
Let c be -1 + 3 - (-170 + -5)*-1. Let k = 718 + c. Is k a prime number?
False
Suppose 0*n - n - 679 = 0. Suppose -19*t - 119500 = 36*t - 5*t. Let w = n - t. Is w composite?
True
Suppose -2*j = 17 - 21. Let c(q) = 540*q**2 - q + 3. Is c(j) composite?
False
Suppose 731*t - 730*t = 213. Suppose -3*u + 2*u - j + t = 0, j + 1077 = 5*u. Is u a composite number?
True
Let p(k) = 244*k**3 + 25*k**2 - 268*k + 97. Is p(8) a composite number?
True
Let p = -51012 + 94129. Is p a prime number?
True
Suppose 3*x - 2*o = -0*x + 19, -3*o - 15 = 0. Suppose 4*n = -x - 9, 4611 = 4*l + 3*n. Let k = -146 + l. Is k a prime number?
True
Suppose 104*x - 108*x + 4*c + 294984 = 0, -4*x = 5*c - 295029. Is x a composite number?
False
Let q(t) = 41800*t - 243. Is q(3) composite?
True
Let f = 175 + -181. Is (10/f)/(1*(-5)/2445) a prime number?
False
Suppose 38 = -7*i - 11. Is ((-25642)/4)/(i*2/28) composite?
False
Let w be (12 + 2)*36/8. Let b be (-15582)/w - (-5)/(-3). Let j = -175 - b. Is j a prime number?
False
Suppose -2*k + 206182 = k - 5*y, 2*k + 5*y - 137463 = 0. Is k a prime number?
True
Let g(m) = -4764*m - 3541. Is g(-15) a prime number?
False
Is (-17368)/(-6) + 17*(-49)/(-357) a prime number?
True
Let o = -40373 + 60030. Is o composite?
True
Suppose 3*a + 3*v - 67994 = -3581, 0 = 4*a + v - 85872. Is a composite?
False
Suppose n - 59871 = 5*d - 2902, -5*n = -4*d - 284719. Is n composite?
True
Suppose -3*r + 3*x = -18179 + 392, -2*x = -5*r + 29633. Is r + 0 + (-4 - -2) prime?
True
Suppose 0 = 3*s - 107 + 98. Suppose -4*p = -3*i + 8161, i + s*i - 5*p = 10881. Is i prime?
True
Let v(r) = 188*r + 3. Let p = 16 - 15. Let l be (1 + -5)*p/(-4). Is v(l) a composite number?
False
Let n be (-13*9/4)/(5/(-200)). Let k = n - -991. Is k prime?
True
Suppose i + 2*i - t - 17625 = 0, -3*i + 17625 = 3*t. Suppose -3*w + 2*s + i = 0, -5*s = -2*s - 12. Is w a prime number?
False
Let v(l) = -25*l + 55. Let r be v(11). Is (55/r)/((-2)/18664) a composite number?
False
Let b be 4*((-1323042)/(-24))/17. Suppose h - 5*g = b, 4*g = -2*h + g + 25994. Is h prime?
False
Let s(w